+ 12. Determine y(p).
12
Let w(y) = 2*y**3 - 178*y**2 + 4*y - 356. Let f be w(89). Let a(i) = 4*i + 25. Give a(f).
25
Let y(g) = g**3 - 3*g**2 + 6*g - 2. Let j be y(2). Let t(f) = 3 - j*f**2 - 33*f - f**3 + 6 + 82*f - 42*f. Determine t(-7).
9
Let d(s) = 7*s**2 - 6*s - 36. Let z(v) = 12*v**2 - 15*v - 68. Let t(c) = -5*d(c) + 3*z(c). Calculate t(14).
-38
Let x(z) = -z**2 + 4. Let v(r) = -4*r**2 - 135 + 279 + 2*r - 3*r + 0*r**2 - 134. Let f(d) = v(d) - 5*x(d). What is f(0)?
-10
Suppose w + 5 = -d + 2*w, 4*d = -5*w + 25. Let o(h) be the second derivative of -h**5/20 - 17*h**2/2 - 1843*h. Determine o(d).
-17
Suppose 4*c + 4*t - 18 = -2, -2*t = -5*c - 15. Suppose 0 = 7*q + 6*q - 6 + 32. Let u be (3 + q)/c - (-1 - -2). Let m(h) = -h**3 - 2*h**2 - 2*h + 2. Give m(u).
6
Suppose 8*l - 11 - 13 = 0. Let m(z) = 4*z - 3 + z**l + z**2 + 8 - 2. What is m(-2)?
-9
Let a(t) = -4*t + 2*t**2 - 7*t**2 + t**3 - 11 + 0*t**3. Let j = -122490 - -122496. Give a(j).
1
Let d(q) = -81*q + 330. Let g(o) = 54*o - 206. Let t(z) = 5*d(z) + 8*g(z). Give t(2).
56
Let r(m) = -2*m**2 - 14*m + 32. Let w = -9294 - -9286. Give r(w).
16
Let k(i) = 15. Let z(q) = 9*q + 374. Let f(g) = -k(g) - z(g). Calculate f(-43).
-2
Let u(g) = -2*g**3 - 7*g**2 + 8*g - 9. Let s(o) = -5*o**3 - 22*o**2 + 25*o - 28. Let n(h) = 3*s(h) - 8*u(h). Let d be ((-54)/4 - -9)*-2. Give n(d).
6
Suppose -54*t = 92 + 178. Let i(h) = -h**2 + 9*h + 60. Calculate i(t).
-10
Let c(x) = 1144*x**2 - 1143*x**2 + 4 + 12. Let i = 141 - 141. Calculate c(i).
16
Let c(p) = -2*p**3 - 5*p**2 + 20*p - 6. Let j(k) = -k**3 - 3*k**2 + 9*k - 2. Let g(w) = -2*c(w) + 5*j(w). Calculate g(-6).
8
Let c(w) = -19*w**2 - 5*w + 4. Let b(u) = -u + 1. Let a(r) = -r**2 - 13*r + 63. Let d be a(-17). Let z(q) = d*b(q) + c(q). Calculate z(1).
-20
Suppose -4*t - q - 15 = -7*t, 0 = 2*t - 4*q - 20. Suppose 0*v = t*v - 8. Let u(a) = -5 + 10*a - 2*a - 11*a + 0*a + 6. Calculate u(v).
-5
Suppose 2*z - h - 3*h = 328, -327 = -2*z + 5*h. Suppose z*u - 18 = 172*u. Let v(q) = -2*q + 3. What is v(u)?
9
Let v(w) = 50*w + 40. Let p(a) = a**2 - 8*a - 117. Let h be p(16). Let r(f) = -9*f - 8. Let q(j) = h*r(j) + 2*v(j). What is q(7)?
-1
Let s(y) be the first derivative of -y**3/3 - y**2/2 - 3*y + 19. Let o be -2 + (-40)/(-24)*3. Determine s(o).
-15
Let t be 1088/408*(-9)/4*-2. Let w be 30/t*72/(-30). Let j(k) be the third derivative of k**4/8 + k**3 - k**2. Calculate j(w).
-12
Let d(y) = -12*y - 234. Let q = -18006 + 17988. What is d(q)?
-18
Let t(m) = m**2 + m - 4. Let n be (225/(-12))/(12/(-64)). Let c be (25/n)/(2/24). Give t(c).
8
Let g(t) be the first derivative of t**4/12 - 3*t**3/2 - 27*t**2/2 - 272*t - 242. Let h(j) be the first derivative of g(j). Give h(12).
9
Let m(z) = -z + 15. Let k be m(14). Let b(h) = h - 3 + 3*h - k - 6*h. Let i = 109 - 106. Determine b(i).
-10
Let c(w) = w**3 + w**2 + w + 1. Suppose -4*m = 0, -m - 48 = -x - 3*x. Suppose 0 = -13*h + 10*h + x. Suppose h = 2*t + 6. Calculate c(t).
0
Let m(h) = h**2 - 2*h - 118. Suppose -28*d + 20*d = r + 59, r + 29 = -3*d. What is m(r)?
25
Let c(v) = v**2 - 5*v + 25. Let b be c(4). Let a be (-6)/b - (-1428)/196. Let n(h) = 6 - 1 + 1 - 3*h. Give n(a).
-15
Let h(d) = -d**2 - d + 3. Suppose 264 = 16*x - 3000. Suppose -229*v = -x*v - 50. What is h(v)?
-3
Suppose 4*z + 0*z = 4. Let b(p) = 28*p**2 + 4*p + 1. Let h(l) = -28*l**2 - 5*l - 1. Let k(r) = 5*b(r) + 4*h(r). Give k(z).
29
Let g(t) = -2*t + 1. Let o be g(1). Let y be o/3*3*-2. Let q(j) = 1 + j**2 - 21*j**2 + 5*j**y + 6*j**2. Calculate q(1).
-8
Let f(c) = -c**3 + 4*c**2 + 13*c - 33. Let t = 34857 - 34852. What is f(t)?
7
Let f(t) = 5*t - 34. Let o(x) = -26*x + 168. Let h(p) = -16*f(p) - 3*o(p). Let k be h(17). Let j(a) = a - 6. What is j(k)?
0
Let d(f) = 3*f - 4 + 3 + 8*f. Let r(x) = -2*x**3 - x**2 + x. Let j be r(0). Suppose -3*t = -3*l - 6 - 6, j = 5*t - l - 8. What is d(t)?
10
Suppose 3*m = -4*p + 1, -7*m - 3 = -2*p - 6*m. Let u(v) be the second derivative of 7*v**5/20 - v**4/6 + v**3/6 + 7*v. Determine u(p).
6
Let g(q) = 37*q**2 + 33*q + 178. Let j(c) = 13*c**2 + 12*c + 59. Let u(w) = 6*g(w) - 17*j(w). Let n(b) be the first derivative of u(b). Determine n(5).
4
Suppose 357 = -805*r + 784*r. Let x(o) = o**3 + 19*o**2 + 32*o - 35. Determine x(r).
-1
Let q(m) be the first derivative of 114 - 1/2*m**2 + 1/4*m**4 - 1/3*m**3 + 0*m. Calculate q(-2).
-10
Let d(f) be the third derivative of -19*f**4/12 - 18*f**3 + 2377*f**2. Calculate d(-3).
6
Let q(o) = -2*o - 4. Let y be -2 - (532/(-36) + 12/(-54)). Suppose 0 = 2*h + x + 11, -h - x + y = -5*h. What is q(h)?
4
Let o(z) = 28*z - 1697. Let d(f) = -56*f + 3111. Let h(v) = 6*d(v) + 11*o(v). What is h(3)?
-85
Let s(u) = 16*u**3 + 78*u**2 + 14*u + 60. Let t(r) = 7*r**3 + 39*r**2 + 6*r + 29. Let c(d) = 2*s(d) - 5*t(d). Calculate c(-13).
1
Let v(w) = w**3 - 28*w**2 - 37*w - 64. Let m be v(29). Let c = -303 - m. Let u(l) = -l**3 - 6*l**2 + 7*l + 7. Determine u(c).
7
Suppose -6*c + 22 = 10. Let j(t) = 0*t**c - 4*t + 12 - 9 - 7 - t**2. Calculate j(-2).
0
Suppose 163*s + 87*s + 634 = -67*s. Let d(t) = -15*t - 19. What is d(s)?
11
Suppose -2*b - 8*b = 0. Suppose b = -5*o - 5 - 10. Let v be (4/o)/((-1)/(-3) - 0). Let n(u) = -u - 4. What is n(v)?
0
Let t = -33 - -32. Let p be 4/(4/1) - 6/(-6). Let h(v) = 4 - 17*v**p - 2*v - 3 - 2. Determine h(t).
-16
Let c(g) = -g**2 - 59*g - 99. Suppose 12*j - 9*j + 2*s + 173 = 0, -4*j = -s + 227. Determine c(j).
15
Let v(k) = -9*k**3 - k + 3. Let d(b) = 10*b**3 + b - 2. Let n(j) = -3*d(j) - 2*v(j). Let x(z) = -2*z**3 - 27*z**2 + 55*z + 151. Let s be x(-15). Calculate n(s).
-13
Let o(x) = x**3 + x**2 - x. Let c be o(1). Let q = -57 + 74. Let y(g) = q - 18 + 3*g - 2*g + g. Determine y(c).
1
Let m(u) = -2*u**2 + 17. Let t be m(-3). Let y be t/((-1)/(-2))*(-210)/140. Let h(c) = 2*c + 1. Calculate h(y).
7
Let q(y) = 2*y**2 + 18*y - 22. Let u(c) = -4*c**2 - 42*c + 48. Let n(l) = -9*q(l) - 4*u(l). What is n(5)?
-14
Let j(a) be the second derivative of -a**3/2 - 38*a**2 - 64*a - 4. What is j(-16)?
-28
Let q(n) = n. Let m = -245 + 118. Let f = 120 + m. Give q(f).
-7
Suppose -2*n + 19 - 15 = 0. Let s(p) = 50*p**2 - 23*p**2 - 16 + 11*p - 26*p**n. What is s(-12)?
-4
Suppose 21*w + 125 = -4*w. Let o(r) = -10*r - 12. Give o(w).
38
Let d(b) = -2. Let i(t) be the first derivative of t**2/2 - t + 1. Let k(v) = 2*d(v) + i(v). Calculate k(0).
-5
Let n = 317 - 275. Suppose -n*p + 32 = -38*p. Let r(c) = -c**2 + 8*c + 8. Calculate r(p).
8
Let h(y) = y - 11. Let g(z) = -3*z**2 + 3*z - 4. Let o be g(1). Let n be (-2 - -4 - o) + (-10)/5. Let x be h(n). Let j(p) = 2*p + 8. Calculate j(x).
-6
Suppose -o - 14*o = -6*o + o. Let b(r) = -r**3 - 2*r**2 - 2*r - 4. What is b(o)?
-4
Let u(v) = -27*v + 56. Suppose 13*a + 2 - 28 = 0. What is u(a)?
2
Let f(h) be the second derivative of -h**5/20 + 25*h**4/6 - 25*h**3/3 + 43*h**2/2 + 8293*h. Give f(49).
-6
Let r = 2 + 4. Let u(s) = 36*s - 64. Let d(p) = -5*p + 9. Let j(o) = 44*d(o) + 6*u(o). Let i(m) = -7*m + 22. Let w(l) = 3*i(l) - 5*j(l). Calculate w(r).
0
Suppose -3*l - 6 = -4*f, 3*l - 6 + 0 = 0. Let h(b) = -8 + b**f - 2*b**3 - 7*b**2 - 8*b + 15*b**2. Let g(y) = -y - 1. Let s(d) = 2*g(d) - h(d). Give s(7).
-1
Let c(g) be the second derivative of 1/3*g**4 - 16*g + 3/2*g**2 + 0*g**3 + 0 - 1/20*g**5. What is c(4)?
3
Let r(y) be the second derivative of 2*y**3/3 - 2*y**2 - 1376*y. Calculate r(-6).
-28
Suppose 0 = 13*v - 10*v + 960. Let g = -318 - v. Let t(u) = 15*u + 2. Calculate t(g).
32
Suppose 1938 = -6*y - 3270. Let i = y - -864. Let x(c) = c**3 + 5*c**2 - 5*c - 5. What is x(i)?
31
Let b(p) = p**2 + 3*p + 10. Let v(c) = -c - 1. Let n(x) = -b(x) - 3*v(x). Let i = -595 + 600. Suppose 0 = -2*d + 4, 2*m - d = -7 + i. Determine n(m).
-7
Let v = -192 - -196. Let i be v/6*((-405)/(-10))/3. Let u(x) = -x**3 + 10*x**2 - 9*x + 12. What is u(i)?
12
Let r(g) = g**3 - 36*g**2 - 19*g - 670. Let u be r(37). Let k(o) = -2*o**2 + 1. Give k(u).
-31
Let w(h) = -19*h**2 - 52*h - 72. Let t(q) = 30*q**2 + 77*q + 108. Let m(f) = -5*t(f) - 8*w(f). Determine m(-14).
-6
Let r(n) = -2*n**2 - 10*n - 15. Let w be r(-4). Let i(x) = -x**3 - 7*x**2 + x - 2. Determine i(w).
-9
Suppose -8*v - 6*v = -126. Let l(g) = v*g - 3 - 12 + 16*g + 12*g - 42*g. Give l(-5).
10
Let g(b) = -b**2 - b + 37. Let z(l) 